809
What are the prime factors of 43177?
43177
What are the prime factors of 2012?
2, 503
What are the prime factors of 592?
2, 37
List the prime factors of 9481.
19, 499
List the prime factors of 40901.
7, 5843
List the prime factors of 4140.
2, 3, 5, 23
What are the prime factors of 3469?
3469
What are the prime factors of 1152?
2, 3
What are the prime factors of 4977?
3, 7, 79
List the prime factors of 672.
2, 3, 7
List the prime factors of 6227.
13, 479
What are the prime factors of 47874?
2, 3, 79, 101
List the prime factors of 96926.
2, 48463
List the prime factors of 3329.
3329
List the prime factors of 692.
2, 173
What are the prime factors of 1407?
3, 7, 67
List the prime factors of 2184.
2, 3, 7, 13
What are the prime factors of 1990?
2, 5, 199
What are the prime factors of 778?
2, 389
What are the prime factors of 1047?
3, 349
What are the prime factors of 33589?
33589
What are the prime factors of 10934?
2, 7, 11, 71
List the prime factors of 44615.
5, 8923
List the prime factors of 83353.
19, 41, 107
List the prime factors of 19564.
2, 67, 73
List the prime factors of 26980.
2, 5, 19, 71
What are the prime factors of 429?
3, 11, 13
What are the prime factors of 11747?
17, 691
What are the prime factors of 56497?
7, 1153
List the prime factors of 144.
2, 3
What are the prime factors of 1008?
2, 3, 7
What are the prime factors of 9898?
2, 7, 101
List the prime factors of 171.
3, 19
What are the prime factors of 4560?
2, 3, 5, 19
What are the prime factors of 11640?
2, 3, 5, 97
What are the prime factors of 1287?
3, 11, 13
List the prime factors of 70931.
7, 10133
What are the prime factors of 5335?
5, 11, 97
What are the prime factors of 55319?
11, 47, 107
What are the prime factors of 50539?
50539
List the prime factors of 742.
2, 7, 53
What are the prime factors of 32191?
32191
What are the prime factors of 10383?
3, 3461
What are the prime factors of 509?
509
List the prime factors of 1411.
17, 83
What are the prime factors of 56584?
2, 11, 643
List the prime factors of 2899.
13, 223
What are the prime factors of 26382?
2, 3, 4397
List the prime factors of 1429.
1429
What are the prime factors of 37751?
7, 5393
List the prime factors of 8450.
2, 5, 13
List the prime factors of 8170.
2, 5, 19, 43
List the prime factors of 690.
2, 3, 5, 23
List the prime factors of 4372.
2, 1093
List the prime factors of 9453.
3, 23, 137
List the prime factors of 3818.
2, 23, 83
What are the prime factors of 238?
2, 7, 17
What are the prime factors of 379?
379
List the prime factors of 55906.
2, 27953
List the prime factors of 2476.
2, 619
What are the prime factors of 9065?
5, 7, 37
What are the prime factors of 4566?
2, 3, 761
List the prime factors of 123.
3, 41
List the prime factors of 7729.
59, 131
What are the prime factors of 1431?
3, 53
What are the prime factors of 5903?
5903
What are the prime factors of 8360?
2, 5, 11, 19
What are the prime factors of 50233?
191, 263
What are the prime factors of 5943?
3, 7, 283
What are the prime factors of 20273?
11, 19, 97
List the prime factors of 49436.
2, 17, 727
List the prime factors of 48219.
3, 16073
What are the prime factors of 1583?
1583
List the prime factors of 72188.
2, 18047
What are the prime factors of 743?
743
List the prime factors of 2013.
3, 11, 61
List the prime factors of 136388.
2, 7, 4871
What are the prime factors of 40794?
2, 3, 13, 523
What are the prime factors of 5084?
2, 31, 41
What are the prime factors of 19296?
2, 3, 67
List the prime factors of 3280.
2, 5, 41
What are the prime factors of 8313?
3, 17, 163
What are the prime factors of 46681?
46681
What are the prime factors of 2250?
2, 3, 5
List the prime factors of 2583.
3, 7, 41
List the prime factors of 3163.
3163
What are the prime factors of 20894?
2, 31, 337
What are the prime factors of 192041?
181, 1061
What are the prime factors of 3571?
3571
List the prime factors of 4415.
5, 883
List the prime factors of 22086.
2, 3, 409
What are the prime factors of 90028?
2, 71, 317
List the prime factors of 634.
2, 317
List the prime factors of 925.
5, 37
What are the prime factors of 13185?
3, 5, 293
What are the prime factors of 1459?
1459
What are the prime factors of 290?
2, 5, 29
What are the prime factors of 6644?
2, 11, 151
List the prime factors of 1377.
3, 17
List the prime factors of 27947.
27947
List the prime factors of 3267.
3, 11
List the prime factors of 5455.
5, 1091
What are the prime factors of 89466?
2, 3, 13, 31, 37
List the prime factors of 10617.
3, 3539
What are the prime factors of 736?
2, 23
List the prime factors of 12313.
7, 1759
What are the prime factors of 17653?
127, 139
List the prime factors of 2877.
3, 7, 137
What are the prime factors of 16562?
2, 7, 13
What are the prime factors of 987?
3, 7, 47
What are the prime factors of 5545?
5, 1109
List the prime factors of 5742.
2, 3, 11, 29
List the prime factors of 17646.
2, 3, 17, 173
List the prime factors of 3262.
2, 7, 233
List the prime factors of 6580.
2, 5, 7, 47
What are the prime factors of 32298?
2, 3, 7, 769
What are the prime factors of 7384?
2, 13, 71
What are the prime factors of 1489?
1489
What are the prime factors of 8171?
8171
List the prime factors of 2397.
3, 17, 47
What are the prime factors of 55210?
2, 5, 5521
What are the prime factors of 5670?
2, 3, 5, 7
What are the prime factors of 2930?
2, 5, 293
What are the prime factors of 1349?
19, 71
What are the prime factors of 15721?
79, 199
List the prime factors of 17244.
2, 3, 479
List the prime factors of 13258.
2, 7, 947
What are the prime factors of 15296?
2, 239
List the prime factors of 16826.
2, 47, 179
List the prime factors of 1651.
13, 127
List the prime factors of 21340.
2, 5, 11, 97
What are the prime factors of 59?
59
What are the prime factors of 47281?
13, 3637
What are the prime factors of 87693?
3, 29231
What are the prime factors of 163698?
2, 3, 27283
List the prime factors of 10698.
2, 3, 1783
What are the prime factors of 98818?
2, 49409
List the prime factors of 38259.
3, 13, 109
What are the prime factors of 8797?
19, 463
List the prime factors of 48801.
3, 16267
What are the prime factors of 453?
3, 151
List the prime factors of 1107.
3, 41
What are the prime factors of 10877?
73, 149
What are the prime factors of 534?
2, 3, 89
What are the prime factors of 1021?
1021
What are the prime factors of 9423?
3, 349
What are the prime factors of 246?
2, 3, 41
What are the prime factors of 61914?
2, 3, 17, 607
List the prime factors of 12260.
2, 5, 613
What are the prime factors of 26212?
2, 6553
List the prime factors of 28886.
2, 11, 13, 101
What are the prime factors of 2420?
2, 5, 11
What are the prime factors of 34818?
2, 3, 7, 829
What are the prime factors of 4147?
11, 13, 29
List the prime factors of 3121.
3121
List the prime factors of 13009.
13009
List the prime factors of 1668.
2, 3, 139
What are the prime factors of 39307?
23, 1709
What are the prime factors of 16322?
2, 8161
List the prime factors of 3103.
29, 107
What are the prime factors of 119837?
293, 409
List the prime factors of 22782.
2, 3, 3797
List the prime factors of 1693.
1693
What are the prime factors of 43865?
5, 31, 283
What are the prime factors of 69523?
37, 1879
List the prime factors of 14723.
14723
List the prime factors of 725.
5, 29
List the prime factors of 24421.
24421
What are the prime factors of 46229?
46229
List the prime factors of 85249.
163, 523
List the prime factors of 802.
2, 401
List the prime factors of 11371.
83, 137
List the prime factors of 161097.
3, 53699
List the prime factors of 2692.
2, 673
What are the prime factors of 797?
797
What are the prime factors of 1984?
2, 31
What are the prime factors of 10119?
3, 3373
List the prime factors of 110.
2, 5, 11
List the prime factors of 19724.
2, 4931
What are the prime factors of 26252?
2, 6563
What are the prime factors of 12997?
41, 317
List the prime factors of 197.
197
What are the prime factors of 7893?
3, 877
What are the prime factors of 35478?
2, 3, 73
What are the prime factors of 5043?
3, 41
What are the prime factors of 1675?
5, 67
List the prime factors of 1955.
5, 17, 23
List the prime factors of 447.
3, 149
What are the prime factors of 53134?
2, 31, 857
What are the prime factors of 